{"id":142,"date":"2016-01-20T10:52:21","date_gmt":"2016-01-20T09:52:21","guid":{"rendered":"http:\/\/127.0.0.1:4001\/wordpress\/?page_id=142"},"modified":"2025-09-11T09:09:54","modified_gmt":"2025-09-11T08:09:54","slug":"publications-scientifiques","status":"publish","type":"page","link":"https:\/\/home.mis.u-picardie.fr\/~ecathedrale\/projets\/publications-scientifiques\/","title":{"rendered":"Publications scientifiques"},"content":{"rendered":"\n<div class=\"txtpublisci\">\n<h4>Publications (journaux, conf\u00e9rences, rapports de stages &#8230;)<\/h4>\n<ol>\n<li>El Mustapha Mouaddib, Guillaume Caron, Arsalane Zarghili, Spatial random access to explore heritage site using spherical video\u00a0\u00bb, In Digital Heritage World Congress; Sep 2025, Sienne, Italy, The Eurographics Association, ISBN = 978-3-03868-277-6, DOI = 10.2312\/dh.20253164 <\/li>\n\n<li>El Mustapha Mouaddib, Guillaume Caron, Arsalane Zarghili. Spatial random access to explore heritage site using spherical video. Digital Heritage World Congress; Sep 2025, Sienne, Italy, Italy. \u27e8hal-05124722\u27e9<\/li>\n\n<li>Suzan Joseph Kessy, Takuya Funatomi, Takahiro Kushida, Kazuya Kitano, Yuki Fujimura, Guillaume Caron, El Mustapha Mouaddib, Yasuhiro Mukaigawa. Illumination Compensation using Perpendicular Whisk-broom Hyperspectral Scans, Computational Visual Media Ann\u00e9e : 2024<\/li>\n\n<li>El Mustapha Mouaddib, Anthony Pamart, Marc Pierrot-Deseilligny, Daniel Girardeau-Montaut,\n2D\/3D data fusion for the comparative analysis of the vaults of Notre-Dame de Paris before and after the fire. In Journal of Cultural Heritage, Volume 65, 2024, Pages 221-231, ISSN 1296-2074,\n<\/li>\n<li>El Mustapha Mouaddib. Num\u00e9risations pr\u00e9cises et caract\u00e9risation g\u00e9om\u00e9trique des cath\u00e9drales Notre-Dame de Paris, Amiens et Beauvais. n-Dame 2024: une cath\u00e9drale de donn\u00e9es num\u00e9riques et connaissances pluridisciplinaires. Marseille, 2024.\n<\/li>\n<li>\nFlorent Comte, Eloi Gattet, El Mustapha Mouaddib, Anthony Pamart, Renato Saleri. Des objets mat\u00e9riels aux donn\u00e9es num\u00e9riques : enjeux de num\u00e9risation multi-\u00e9chelle et multi-temporelle. Naissance et renaissance d\u2019une cath\u00e9drale, Apr 2024, Paris Cit\u00e9 de l&rsquo;architecture et du patrimoine, France. <a href=\"https:\/\/hal.science\/hal-04576693\/\" target=\"_blank\" rel=\"noopener\">\u27e8hal-04576693\u27e9<\/a>\n<\/li>\n<li>\nV. Abergel, P. Arese, E. Blettery, M. Br\u00e9dif, S. Christophe, F. Comte, L. De Luca, A. Eberlin, L. Espinasse, V. Gouet-Brunet, X. Granier, A. Gros, A. Guillem, M. Hersent, K. Jacquot, O. Malavergne, O. Marlet, E. Mouaddib, A. N\u00e9roulidis, A. Pamart, M. Pierrot-Desseilligny, X. Rodier, M. Rousset, R. Roussel, K. R\u00e9by, R. Saleri, S. Tournon, D. Vodislav, Laura Willot. Le r\u00f4le transversal du groupe de travail \u201cdonn\u00e9es num\u00e9riques\u201d. Naissance et renaissance d&rsquo;une cath\u00e9drale &#8211; Notre-Dame de Paris sous l&rsquo;oeil des scientifiques, Apr 2024, Paris Cit\u00e9 de l&rsquo;architecture et du patrimoine, France. <a href=\"https:\/\/hal.science\/hal-04576563\/\" target=\"_blank\" rel=\"noopener\">\u27e8hal-04576563\u27e9<\/a><\/li>\n\n<li>Suzan J. Kessy, Takuya Funatomi, Yuki Fujimura, Kazuya Kitano, Guillaume Caron, El Mustapha Mouaddib, Yasuhiro Mukaigawa. Hyperspectral Imaging of In-Site Stained Glasses: Illumination Variation Compensation Using Two Perpendicular Scans.4th ICCV Workshop on e-Heritage in conjunction with ICCV 2023 Paris, France.<\/li>\n\n<li>El Mustapha Mouaddib et Jo\u00eblle Prugnaud, Visite virtuelle de la cath\u00e9drale d\u2019Amiens guid\u00e9e par les parcours de John Ruskin, L\u2019Entre-deux, 13 (1) | juillet 2023 | URL : https:\/\/www.lentre-deux.com\/?b=244 | consult\u00e9 le 21-09-2023.<\/li>\n\n<li>Guillaume Hardouin, Julien Moras, Fabio Morbidi, Julien Marzat, El Mustapha Mouaddib. A multirobot system for 3-D surface reconstruction with centralized and distributed architectures.&nbsp;<i>In IEEE Trans. on Robotics, 2023.<\/i>.&nbsp;<a href=\"https:\/\/hal.science\/hal-04087486\/\" target=\"_blank\" rel=\"noopener\">\u27e8hal-04087486\u27e9<\/a><\/li>\n\n\n<li>Guillaume Caron, Suzan Joseph Kessy, Yasuhiro Mukaigawa, Takuya Funatomi. Direct alignment of narrow field-of-view hyperspectral data and full-view RGB image.&nbsp;<i>IEEE International Conference on Image Processing<\/i>, Oct 2022, Bordeaux, France.&nbsp;<a href=\"https:\/\/hal.archives-ouvertes.fr\/hal-03715442\" target=\"_blank\" rel=\"noopener\">\u27e8hal-03715442\u27e9<\/a><\/li>\n\n<li>Takuya Funatomi, Takehiro Ogawa, Kenichiro Tanaka, Hiroyuki Kubo, Guillaume Caron, et al.. Eliminating Temporal Illumination Variations in Whisk-broom Hyperspectral Imaging.&nbsp;<i>International Journal of Computer Vision<\/i>, 2022,&nbsp;<a href=\"https:\/\/dx.doi.org\/10.1007\/s11263-022-01587-8\" target=\"_blank\" rel=\"noopener\">\u27e810.1007\/s11263-022-01587-8\u27e9<\/a>.&nbsp;<a href=\"https:\/\/hal.archives-ouvertes.fr\/hal-03620473\" target=\"_blank\" rel=\"noopener\">\u27e8hal-03620473\u27e9<\/a>\n<\/li>\n\n<li>Guillaume Caron,&nbsp;Olga Regina Pereira Bellon,&nbsp;Ilan Shimshoni (Special Issue Editors),&nbsp;\u00ab\u00a0Computer Vision and Robotics for Cultural Heritage: Theory and Applications&nbsp;\u00bb<br>A special issue of Journal of Imaging (ISSN 2313-433X). This special issue belongs to the section \u00ab\u00a0Computer Vision and Pattern Recognition \u00bb. December 2022.&nbsp;<a href=\"https:\/\/www.mdpi.com\/2313-433X\/9\/1\/9\"> https:\/\/www.mdpi.com\/journal\/jimaging\/special_issues\/cv_robotics_cultural_heritage<\/a><\/li>\n\n<li>Anthony Pamart, Roxane Roussel, Emile Hubert, Alain Colombini, Renato Saleri, E. M. Mouaddib, Y. Castro, G. Le Go\u00efc, and A. Mansouri, A Semantically Enriched Multimodal Imaging approach Dedicated to Conservation and Restoration Studies. <i>9th Intl. Workshop 3D-ARCH \u201c3D Virtual Reconstruction and Visualization of Complex Architectures\u201d<\/i>, Mar 2022, Mantua, Italy.&nbsp;<a href=\"https:\/\/dx.doi.org\/10.5194\/isprs-archives-XLVI-2-W1-2022-415-2022\" target=\"_blank\" rel=\"noopener\">\u27e810.5194\/isprs-archives-XLVI-2-W1-2022-415-2022\u27e9<\/a>.&nbsp;<a href=\"https:\/\/hal.archives-ouvertes.fr\/hal-03618081\" target=\"_blank\" rel=\"noopener\">\u27e8hal-03618081\u27e9<\/a><\/li>\n\n<li>Farouk Achakir, Sanaa El Fkihi, El Mustapha Mouaddib. Non-Model-Based approach for complete digitization by TLS or mobile scanner.&nbsp;<i>ISPRS Journal of Photogrammetry and Remote Sensing<\/i>, 2021, 178, pp.314 &#8211; 327.&nbsp;<a href=\"https:\/\/dx.doi.org\/10.1016\/j.isprsjprs.2021.06.014\" target=\"_blank\" rel=\"noopener\">\u27e810.1016\/j.isprsjprs.2021.06.014\u27e9<\/a>.&nbsp;<a href=\"https:\/\/hal.archives-ouvertes.fr\/hal-03442097\" target=\"_blank\" rel=\"noopener\">\u27e8hal-03442097\u27e9<\/a>\n<\/li>\n\n<li>Nathan Sanchiz-Viel, Estelle Bretagne, El Mustapha Mouaddib, Pascal Dassonvalle. Radiometric Correction of Laser Scanning Intensity Data Applied For Terrestrial Laser Scanning. ISPRS Journal of Photogrammetry and Remote Sensing, 2021, 172, pp.1-16. <a href=\"https:\/\/hal.science\/hal-03042545v1\" target=\"_blank\" rel=\"noopener\">\u27e8hal-02917372\u27e9<\/a>\n<\/li>\n\n\n<li>Guillaume Hardouin, Fabio Morbidi, Julien Moras, Julien Marzat, El Mustapha Mouaddib. Surface-driven Next-Best-View planning for exploration of large-scale 3D environments.&nbsp;<i>21st IFAC World Congress (VIRTUEL)<\/i>, Jul 2020, BERLIN, Germany.&nbsp;<a href=\"https:\/\/hal.archives-ouvertes.fr\/hal-02917372\" target=\"_blank\" rel=\"noopener\">\u27e8hal-02917372\u27e9<\/a><\/li>\n\n<li>Guillaume Hardouin, Julien Moras, Fabio Morbidi, Julien Marzat, El Mustapha Mouaddib. Next-Best-View planning for surface reconstruction of large-scale 3D environments with multiple UAVs.&nbsp;<i>IEEE\/RSJ International Conference on Intelligent Robots and Systems<\/i>, Oct 2020, Las Vegas, United States. pp.1567-1574.&nbsp;<a href=\"https:\/\/hal.archives-ouvertes.fr\/hal-03086499\" target=\"_blank\" rel=\"noopener\">\u27e8hal-03086499\u27e9<\/a><\/li>\n\n<li>E. Mouaddib, G. Caron, D. Groux-Leclet, F. Morbidi, \u201cLe patrimoine \u00ab in silico \u00bb. Exemple de la cath\u00e9drale d\u2019Amiens\u201d, In Situ [En ligne], 39 | 2019, mis en ligne le 10 juillet 2019, consult\u00e9 le 10 juillet 2019. http:\/\/journals.openedition.org\/insitu\/21576.<\/li>\n<li>Farouk Achakir, Sanaa El Fkihi, Amina Radgui, El Mustapha Mouaddib. Digitization of the Hassan Mosque.&nbsp;<i>9TH INTERNATIONAL SYMPOSIUM ON SIGNAL, IMAGE, VIDEO AND COMMUNICATIONS (ISIVC 2018)<\/i>, Nov 2018, Rabat, Morocco. pp.221-226.&nbsp;<a href=\"https:\/\/hal-u-picardie.archives-ouvertes.fr\/hal-03636456\" target=\"_blank\" rel=\"noopener\">\u27e8hal-03636456\u27e9<\/a>\n<\/li>\n\n<li>Estelle Bretagne, Pascal Dassonvalle, Guillaume Caron, Spherical target-based calibration of terrestrial laser scanner intensity. Application to colour information computation, ISPRS Journal of Photogrammetry and Remote Sensing, Volume 144, 2018, Pages 14-27, ISSN 0924-2716, https:\/\/doi.org\/10.1016\/j.isprsjprs.2018.06.014.<\/li>\n\n<li>Dominique Leclet-Groux, J\u00e9r\u00e9my Lentremy, Guillaume Caron, El Mustapha Mouaddib. Efficient restitution of heritage buildings: a new way to exploit 3D point clouds slicing, An example with the Amiens Gothic Cathedral.&nbsp;<i>Digital Heritage 2018<\/i>, Oct 2018, San francisco, United States. pp.524-527.&nbsp;<a href=\"https:\/\/hal.archives-ouvertes.fr\/hal-01924186\" target=\"_blank\" rel=\"noopener\">\u27e8hal-01924186\u27e9<\/a>\n<\/li>\n<li>F. Morbidi, E. Mouaddib, \u201cE-Cath\u00e9drale: num\u00e9risation de la cath\u00e9drale d\u2019Amiens et reconstruction des trajectoires balistiques de l\u2019artillerie allemande en avril 1918 \u201d, actes du colloque \u201cCath\u00e9drales en Guerre: XVIe &#8211; XXe si\u00e8cles\u201d, Amiens, 8-9 juin 2017, Presses Universitaires du Septentrion, \u00e9diteur X. Boniface, 2018, in press.<\/li>\n\n<li>Franz Doper\u00e9 et El Mustapha Mouaddib, L\u2019abbatiale de Saint-Martin-aux-Bois. Arch\u00e9ologie du b\u00e2ti et num\u00e9risation 3D, nouvelles perspectives de recherche, Dans Colloque Saint Martin-aux-Bois, 25 pages, publication pr\u00e9vue en mai 2018.<\/li>\n\n<li>Farouk Achakir, Marc Deseilligny, Sanaa El Fkihi, Min El Mghari, Mohamed Ettarid, El Mustapha Mouaddib, Amina Radgui. The Hassan mosque at the digital era. In Frontiers in Science and Engineering &#8211; International Journal Edited by Hassan II Academy of Science and Technology, 2017.<\/li>\n\n<li>Z. Habibi, G. Caron, E. Mouaddib. <strong>Assistive visual framing<\/strong>. Digital Heritage 2015, Granada, Spain, September 28 &#8211; October 02, 2015<\/li>\n\n<li>Z. Habibi, E. Mouaddib, G. Caron. <strong>Good feature for framing<\/strong>. IEEE\/RSJ International Conference on Intelligent Robots and Systems, Hamburg, Germany, September 28 &#8211; October 02, 2015<\/li>\n\n<li>N. Crombez, G. Caron, E. Mouaddib. <strong>Photometric Gaussian Mixtures based Visual Servoing<\/strong>. IEEE\/RSJ International Conference on Intelligent Robots and Systems, Hamburg, Germany, September 28 &#8211; October 02, 2015<\/li>\n\n<li>Z. Habibi, G. Caron, E. Mouaddib. <strong>Exploration r\u00e9aliste et pertinente d&rsquo;un nuage de points 3D dense et color\u00e9<\/strong>. Orasis 2015, Amiens, France, June 17 &#8211; June 19, 2015<\/li>\n\n<li>N. Crombez, G. Caron, E. Mouaddib. <strong>3D Point cloud colorization by dense registration of digital images<\/strong>. 3D-ARCH 2015 &#8211; 3D Virtual Reconstruction and Visualization of Complex Architectures , Avila, Spain, February 2015<\/li>\n\n<li>N. Crombez, G. Caron, E. Mouaddib. <strong>Colorisation de nuages de points 3D par recalage dense d&rsquo;images num\u00e9riques<\/strong>. Traitement du signal -TS, 31(1):81-106, 2014.<\/li>\n\n<li>Z. Habibi, G. Caron, E. Mouaddib. <strong>3D model automatic exploration: Smooth and Intelligent Virtual Camera Control<\/strong>. In Workshop E-Heritage &#8211; Asian Conference on Computer Vision (ACCV&rsquo;14), Singapore, Novembre 2014.<\/li>\n\n<li>D. Leclet-Groux, G. Caron. <strong>Toward the adaptive and context-aware Serious Game design<\/strong>. In IEEE International Conference on Advanced Learning Technologies, ICALT, Athens, Greece, Juillet 2014.<\/li>\n\n<li>D. Leclet-Groux, G. Caron, E. Mouaddib, A. Anghour. <strong>A Serious Game for 3D Cultural Heritage<\/strong>. In IEEE Digital Heritage International Congress, DH, Pages 409-412, Marseille, France, Octobre 2013.<\/li>\n\n<li>G. Caron, D. Leclet-Groux, N. Crombez, E. Mouaddib. <strong>From Heritage Building Digitization To Computerized Education<\/strong>. In 6th International Congress on Science and Technology for the Safeguard of Cultural Heritage in the Mediterranean Basin, Athens, Greece, Octobre 2013.<\/li>\n\n<li>G. Caron, E. Mouaddib. <strong>E-Cathedral: A multidisciplinary research program dedicated to the Cathedral of Amiens in France<\/strong>. In 1st Conference on \u00ab\u00a0Robotics Innovation for Cultural Heritage\u00a0\u00bb, RICH, Venice, Italy, D\u00e9cembre 2012.<\/li>\n\n<li>N. Crombez, G. Caron, E. Mouaddib. <strong>Colorisation photo-r\u00e9aliste de nuages de points 3D<\/strong>. In Congr\u00e8s francophone des jeunes chercheurs en vision par ordinateur, ORASIS, Cluny, France, Juin 2013.<\/li>\n\n<li>Zaynab Habibi, Guillaume Caron, El Mustapha Mouaddib, Exploration automatique d\u2019un environnement 3D : contr\u00f4le fluide et intelligent de camera virtuelle, Journ\u00e9e Nationales de l\u2019AFIG, Novembre 2014, Reims.<\/li>\n\n<li>A. Anghouri, <strong>Interface Tangible et Jeux S\u00e9rieux<\/strong>, Rapport de fin d&rsquo;\u00e9tudes et de Master Recherche, Laboratoire MIS-UPJV, 2013. Encadr\u00e9 par D. Leclet-Groux<\/li>\n\n<li>A. Tahri Jouti, <strong>Navigation Virtuelle Intelligence dans le mod\u00e8le 3D de la cath\u00e9drale d\u2019Amiens<\/strong>, Rapport de fin d&rsquo;\u00e9tudes et de Master Recherche, Laboratoire MIS-UPJV, 2014. Encadr\u00e9 par D. Leclet-Groux<\/li>\n\n<li>Z. Habibi, G. Caron, E. Mouaddib, <strong>Virtual camera control: a survey<\/strong>, Rapport interne, 25 pages, Avril 2013.<\/li>\n\n<li>E. Mouaddi, Z. Habibi, D. Leclet, G. Caron, Rapport d&rsquo;avancement du projet Assiduitas, SRI 2014 (Semaine de la Recherche et de l&rsquo;Innovation) organis\u00e9e par la R\u00e9gion Picardie en novembre 2014 \u00e0 Laon. Le projet ASSIDUITAS est financ\u00e9 par la R\u00e9gion Picardie et le fond FEDER.<\/li>\n\n<li>E. Mouaddib, <strong>Le programme E-Cathedrale<\/strong>, Conf\u00e9rence pl\u00e9ni\u00e8re dans le congr\u00e8s JOTIM 2013 \u00e0 Mekn\u00e8s au Maroc, Avril 2013.<\/li>\n<\/ol>\n\n<h4>Th\u00e8ses<\/h4>\n<ol>\n<li>Guillaume Hardouin ; co-encadr\u00e9 avec F. Morbidi, Julien Marzat (Onera) et Julien Moras (Onera), Un syst\u00e8me multi-robots d\u00e9ployable en centralis\u00e9 ou distribu\u00e9 pour la reconstruction 3D d&rsquo;environnements inconnus \u00e0 large \u00e9chelle ; soutenue le 22 mars 2022<\/li>\n<li>Farouk Achakir ; co-encadr\u00e9 avec S. El Fkihi (Univ de Rabat), Au-del\u00e0 du visible : Reconstruction d&rsquo;environnements par scanner laser et miroirs ; soutenue le 13 d\u00e9cembre 2021<\/li>\n<li>Nicolas Asseray ; co-dirig\u00e9 avec E. Hamon (Univ de Lille), Les chapelles lat\u00e9rales de la cath\u00e9drale d\u2019Amiens. Un chantier majeur du gothique rayonnant \u00e0 la lumi\u00e8re de l\u2019imagerie num\u00e9rique ; soutenue le 4 d\u00e9cembre 2021<\/li>\n<li>Nathan Sanchiz ; co-encadr\u00e9 avec E. Bretagne, Correction radiom\u00e9trique et recalage de nuages de points pour la reconstruction tridimensionnelle d&rsquo;oeuvres du patrimoine culturel ; soutenue le 5 juillet 2021 \u00e0 l&rsquo;UPJV, Amiens (France).<\/li>\n<li>Noureddine Mohtaram (th\u00e8se en cotutelle) ; co-encadr\u00e9 avec G. Caron, A. Radgui ; Reconstruction 3D dense d&rsquo;objets sans recul par vision catadioptrique ; soutenue le 19 septembre 2019 \u00e0 l&rsquo;UPJV, Amiens (France).<\/li>\n<li>Zaynab Habibi (allocation R\u00e9gion de Picardie) ; co-encadr\u00e9 avec G. Caron ; Navigation virtuelle dans un mod\u00e8le 3D dense, soutenue en d\u00e9cembre 2015<\/li>\n<\/ol>\n<\/div>\n","protected":false},"excerpt":{"rendered":"<p>Publications (journaux, conf\u00e9rences, rapports de stages &#8230;) El Mustapha Mouaddib, Guillaume Caron, Arsalane Zarghili, Spatial random access to explore heritage site using spherical video\u00a0\u00bb, In Digital Heritage World Congress; Sep 2025, Sienne, Italy, The Eurographics Association, ISBN = 978-3-03868-277-6, DOI = 10.2312\/dh.20253164 El Mustapha Mouaddib, Guillaume Caron, Arsalane Zarghili. Spatial &#8230;<\/p>\n","protected":false},"author":1,"featured_media":0,"parent":126,"menu_order":23,"comment_status":"closed","ping_status":"closed","template":"","meta":[],"_links":{"self":[{"href":"https:\/\/home.mis.u-picardie.fr\/~ecathedrale\/wp-json\/wp\/v2\/pages\/142"}],"collection":[{"href":"https:\/\/home.mis.u-picardie.fr\/~ecathedrale\/wp-json\/wp\/v2\/pages"}],"about":[{"href":"https:\/\/home.mis.u-picardie.fr\/~ecathedrale\/wp-json\/wp\/v2\/types\/page"}],"author":[{"embeddable":true,"href":"https:\/\/home.mis.u-picardie.fr\/~ecathedrale\/wp-json\/wp\/v2\/users\/1"}],"replies":[{"embeddable":true,"href":"https:\/\/home.mis.u-picardie.fr\/~ecathedrale\/wp-json\/wp\/v2\/comments?post=142"}],"version-history":[{"count":35,"href":"https:\/\/home.mis.u-picardie.fr\/~ecathedrale\/wp-json\/wp\/v2\/pages\/142\/revisions"}],"predecessor-version":[{"id":5384,"href":"https:\/\/home.mis.u-picardie.fr\/~ecathedrale\/wp-json\/wp\/v2\/pages\/142\/revisions\/5384"}],"up":[{"embeddable":true,"href":"https:\/\/home.mis.u-picardie.fr\/~ecathedrale\/wp-json\/wp\/v2\/pages\/126"}],"wp:attachment":[{"href":"https:\/\/home.mis.u-picardie.fr\/~ecathedrale\/wp-json\/wp\/v2\/media?parent=142"}],"curies":[{"name":"wp","href":"https:\/\/api.w.org\/{rel}","templated":true}]}}