{"id":154,"date":"2016-01-20T10:56:10","date_gmt":"2016-01-20T09:56:10","guid":{"rendered":"http:\/\/127.0.0.1:4001\/wordpress\/?page_id=154"},"modified":"2017-11-17T15:00:09","modified_gmt":"2017-11-17T14:00:09","slug":"sri-2012","status":"publish","type":"page","link":"https:\/\/home.mis.u-picardie.fr\/~ecathedrale\/communication\/manifestations\/sri-2012\/","title":{"rendered":"SRI 2012"},"content":{"rendered":"<div class=\"txtsri\">\n<h4><strong>Pr\u00e9sentation \u00e0 la Semaine de la Recherche et de l&rsquo;Innovation 2012&#8230;<\/strong><\/h4>\n<p>Pr\u00e9sentation du programme E-cath\u00e9dr@le, par El Mustapha Mouaddib, \u00e0 l&rsquo;occasion d&rsquo;une invitation durant la SRI 2012 organis\u00e9e par la R\u00e9gion Picardie.<\/p>\n<\/div>\n","protected":false},"excerpt":{"rendered":"<p>Pr\u00e9sentation \u00e0 la Semaine de la Recherche et de l&rsquo;Innovation 2012&#8230; Pr\u00e9sentation du programme E-cath\u00e9dr@le, par El Mustapha Mouaddib, \u00e0 l&rsquo;occasion d&rsquo;une invitation durant la SRI 2012 organis\u00e9e par la R\u00e9gion Picardie.<\/p>\n","protected":false},"author":1,"featured_media":0,"parent":144,"menu_order":29,"comment_status":"closed","ping_status":"closed","template":"","meta":[],"_links":{"self":[{"href":"https:\/\/home.mis.u-picardie.fr\/~ecathedrale\/wp-json\/wp\/v2\/pages\/154"}],"collection":[{"href":"https:\/\/home.mis.u-picardie.fr\/~ecathedrale\/wp-json\/wp\/v2\/pages"}],"about":[{"href":"https:\/\/home.mis.u-picardie.fr\/~ecathedrale\/wp-json\/wp\/v2\/types\/page"}],"author":[{"embeddable":true,"href":"https:\/\/home.mis.u-picardie.fr\/~ecathedrale\/wp-json\/wp\/v2\/users\/1"}],"replies":[{"embeddable":true,"href":"https:\/\/home.mis.u-picardie.fr\/~ecathedrale\/wp-json\/wp\/v2\/comments?post=154"}],"version-history":[{"count":7,"href":"https:\/\/home.mis.u-picardie.fr\/~ecathedrale\/wp-json\/wp\/v2\/pages\/154\/revisions"}],"predecessor-version":[{"id":2869,"href":"https:\/\/home.mis.u-picardie.fr\/~ecathedrale\/wp-json\/wp\/v2\/pages\/154\/revisions\/2869"}],"up":[{"embeddable":true,"href":"https:\/\/home.mis.u-picardie.fr\/~ecathedrale\/wp-json\/wp\/v2\/pages\/144"}],"wp:attachment":[{"href":"https:\/\/home.mis.u-picardie.fr\/~ecathedrale\/wp-json\/wp\/v2\/media?parent=154"}],"curies":[{"name":"wp","href":"https:\/\/api.w.org\/{rel}","templated":true}]}}