{"id":4181,"date":"2020-07-14T11:26:07","date_gmt":"2020-07-14T10:26:07","guid":{"rendered":"https:\/\/www.home.mis-u-picardie.fr\/~ecathedrale\/~ecathedrale\/e-cathedrale\/?page_id=4181"},"modified":"2024-09-13T10:34:05","modified_gmt":"2024-09-13T09:34:05","slug":"notre-dame-de-paris","status":"publish","type":"page","link":"https:\/\/home.mis.u-picardie.fr\/~ecathedrale\/notre-dame-de-paris\/","title":{"rendered":"Notre-Dame de Paris"},"content":{"rendered":"<div class=\" txteglisestmartin\">\n<h3>A propos de ces travaux<\/h3>\n<p>Suite \u00e0 l&rsquo;incendie du 15 avril 2019, le CNRS et le Minist\u00e8re de la Culture ont mis en place des groupes de recherche pour accompagner la restauration de la cath\u00e9drale<br \/>\nNotre-Dame de Paris. Parmi ces groupes, figure le GT Donn\u00e9es Num\u00e9riques. Son objectif principal est de mettre en place un \u00e9cosyst\u00e8me num\u00e9rique au service<br \/>\ndes chercheurs, des architectes et de tous les acteurs qui travaillent sur ce monument. Les mod\u00e8les num\u00e9riques 3D sont la colonne vert\u00e9brale de cet \u00e9cosyst\u00e8me.<br \/>\nL&rsquo;\u00e9quipe du MIS fait partie de ce GT et a comme t\u00e2ches : de faire un diagnostic de tous les mod\u00e8les 3D, de les recaler dans un m\u00eame rep\u00e8re et de les exporter pour<br \/>\nle viewer 3D. Les recalages ont permis d&rsquo;\u00e9tablir un diagnostic tr\u00e8s pr\u00e9cis notamment des vo\u00fbtes de Notre-Dame de Paris gr\u00e2ce \u00e0 des comparaisons entre les relev\u00e9s<br \/>\npr\u00e9 et post incendie. En outre, le MIS a r\u00e9alis\u00e9 des num\u00e9risations par lasergramm\u00e9trie. Au sein de ce chantier scientifique, le MIS apporte ses moyens de num\u00e9risation,<br \/>\nde calculs, ses logiciels et son expertise dans la gestion des nuages 3D de tr\u00e8s grande taille et densit\u00e9.<\/p>\n<h3>Partenaires<\/h3>\n<p><a href=\"https:\/\/www.notre-dame.science\/membres-gt-donnes-numeriques\/\">https:\/\/www.notre-dame.science\/membres-gt-donnes-numeriques\/<\/a><\/p>\n<h3>P\u00e9riode<\/h3>\n<p>2019-&#8230;<\/p>\n<h3>Photos reportage<\/h3>\n<h3>R\u00e9sultats de la num\u00e9risation<\/h3>\n<h3>Vid\u00e9os<\/h3>\n<h3>Pr\u00e9sentations<\/h3>\n<p>Conf\u00e9rence : Travaux r\u00e9alis\u00e9s par le MIS dans le cadre de sa participation au GT \u00ab\u00a0Donn\u00e9es Num\u00e9riques\u00a0\u00bb du chantier scientifique pour la restauration de<br \/>\nNotre-Dame de Paris (Octobre 2020).<\/p>\n<p><a href=\"https:\/\/www.youtube.com\/watch?v=3kX-Dtobaz4&amp;feature=emb_logo\" rel=\"noopener\"><img loading=\"lazy\" src=\"https:\/\/home.mis.u-picardie.fr\/~ecathedrale\/wp-content\/uploads\/2020\/10\/PageGardePresentaTravauxNDP.png\" alt=\"\" width=\"650\" height=\"400\"><\/a><\/p>\n<h3>Publications<\/h3>\n<p>Des objets mat\u00e9riels aux donn\u00e9es num\u00e9riques : enjeux de num\u00e9risation multi-\u00e9chelle et multi-temporelle<br \/>\nFlorent Comte, Eloi Gattet, El Mustapha Mouaddib, Anthony Pamart, Renato Saleri<br \/>\nDans Naissance et renaissance d\u2019une cath\u00e9drale, Apr 2024, In Paris Cit\u00e9 de l&rsquo;architecture et du patrimoine, France<\/p>\n<p>Le r\u00f4le transversal du groupe de travail \u201cdonn\u00e9es num\u00e9riques\u201d<br \/>\nViolette Abergel , Pierre Arese , Emile Blettery , Mathieu Br\u00e9dif , Sidonie Christophe Naissance et renaissance d&rsquo;une cath\u00e9drale &#8211; Notre-Dame de Paris<br \/>\nsous l&rsquo;oeil des scientifiques, Apr 2024, Paris Cit\u00e9 de l&rsquo;architecture et du patrimoine, France<\/p>\n<p>2D\/3D data fusion for the comparative analysis of the vaults of Notre-Dame de Paris before and after the fire<br \/>\nEl Mustapha Mouaddib , Anthony Pamart , Marc Pierrot-Deseilligny , Daniel Girardeau-Montaut<br \/>\nJournal of Cultural Heritage, 2023, \u27e810.1016\/j.culher.2023.06.012\u27e9<\/p>\n<p>A semantically enriched multimodal imaging approach dedicated to conservation and restoration studies<br \/>\nAnthony Pamart, Roxane Roussel, Emile Hubert, Alain Colombini, Renato Saleri, El Mustapha Mouaddib, Yuly Castro, Ga\u00ebtan Le Go\u00efc, Alamin Mansouri<br \/>\n9th Intl. Workshop 3D-ARCH \u201c3D Virtual Reconstruction and Visualization of Complex Architectures\u201d, Mar 2022, Mantua, Italy.<br \/>\n\u27e810.5194\/isprs-archives-XLVI-2-W1-2022-415-2022\u27e9<\/p>\n<\/div>\n","protected":false},"excerpt":{"rendered":"<p>A propos de ces travaux Suite \u00e0 l&rsquo;incendie du 15 avril 2019, le CNRS et le Minist\u00e8re de la Culture ont mis en place des groupes de recherche pour accompagner la restauration de la cath\u00e9drale Notre-Dame de Paris. Parmi ces groupes, figure le GT Donn\u00e9es Num\u00e9riques. Son objectif principal est &#8230;<\/p>\n","protected":false},"author":1,"featured_media":0,"parent":0,"menu_order":0,"comment_status":"closed","ping_status":"closed","template":"","meta":[],"_links":{"self":[{"href":"https:\/\/home.mis.u-picardie.fr\/~ecathedrale\/wp-json\/wp\/v2\/pages\/4181"}],"collection":[{"href":"https:\/\/home.mis.u-picardie.fr\/~ecathedrale\/wp-json\/wp\/v2\/pages"}],"about":[{"href":"https:\/\/home.mis.u-picardie.fr\/~ecathedrale\/wp-json\/wp\/v2\/types\/page"}],"author":[{"embeddable":true,"href":"https:\/\/home.mis.u-picardie.fr\/~ecathedrale\/wp-json\/wp\/v2\/users\/1"}],"replies":[{"embeddable":true,"href":"https:\/\/home.mis.u-picardie.fr\/~ecathedrale\/wp-json\/wp\/v2\/comments?post=4181"}],"version-history":[{"count":74,"href":"https:\/\/home.mis.u-picardie.fr\/~ecathedrale\/wp-json\/wp\/v2\/pages\/4181\/revisions"}],"predecessor-version":[{"id":5247,"href":"https:\/\/home.mis.u-picardie.fr\/~ecathedrale\/wp-json\/wp\/v2\/pages\/4181\/revisions\/5247"}],"wp:attachment":[{"href":"https:\/\/home.mis.u-picardie.fr\/~ecathedrale\/wp-json\/wp\/v2\/media?parent=4181"}],"curies":[{"name":"wp","href":"https:\/\/api.w.org\/{rel}","templated":true}]}}