{"id":4839,"date":"2023-06-16T10:36:26","date_gmt":"2023-06-16T09:36:26","guid":{"rendered":"https:\/\/home.mis.u-picardie.fr\/~ecathedrale\/?page_id=4839"},"modified":"2023-07-11T17:25:32","modified_gmt":"2023-07-11T16:25:32","slug":"phares","status":"publish","type":"page","link":"https:\/\/home.mis.u-picardie.fr\/~ecathedrale\/phares\/","title":{"rendered":"PHARES"},"content":{"rendered":"\n<p>L&rsquo;objectif du projet PHARES vise \u00e0 permettre \u00e0 des malvoyants de percevoir les mod\u00e8les 3D du programme e-cath\u00e9dr@le, gr\u00e2ce \u00e0 une exp\u00e9rience multisensorielle. <br><br>Cette ambition est n\u00e9e des constats suivants :<br>&#8211; Il existe \u00e0 travers le monde 2,2 milliards de personnes ayant une d\u00e9ficience visuelle mod\u00e9r\u00e9e \u00e0 s\u00e9v\u00e8re qualifi\u00e9e de malvoyance. <br>&#8211; Ce public malvoyant est par nature h\u00e9t\u00e9rog\u00e8ne du fait de l\u2019unicit\u00e9 de sa pathologie n\u00e9cessitant une mise \u00e0 dispositions de dispositifs adapt\u00e9s.<br>&#8211; Les projets de num\u00e9risation 3D se multiplient et aboutissent \u00e0 l\u2019\u00e9laboration de corpus importants et de tr\u00e8s grande qualit\u00e9 auxquels, les malvoyants n\u2019ont pas acc\u00e8s.<br><br>L&rsquo;outil de visualisation 3D sera \u00e0 termes encapsul\u00e9e dans un dispositif multisensoriel.<br><br><em><strong>The aim of the PHARES project is to enable visually impaired people to perceive the 3D models in the e-cath\u00e9dr@le programme through a multisensory experience.<br>The 3D visualisation tool will eventually be encapsulated in a multisensory device.<\/strong><\/em><br><br>Premier prototype de visualisation 3D (<em><strong>First 3D visualisation prototype<\/strong><\/em>) : <a href=\"https:\/\/extra.u-picardie.fr\/nextcloud\/index.php\/s\/JxrEbnMd4rRctTx\" target=\"_blank\" rel=\"noreferrer noopener\">https:\/\/extra.u-picardie.fr\/nextcloud\/index.php\/s\/JxrEbnMd4rRctTx<\/a><br>Prototype final de visualisation 3D (<em><strong>Final 3D visualisation prototype<\/strong><\/em>) : <a href=\"https:\/\/extra.u-picardie.fr\/nextcloud\/index.php\/s\/HeQJTAjgfbfXNwi\" target=\"_blank\" rel=\"noreferrer noopener\">https:\/\/extra.u-picardie.fr\/nextcloud\/index.php\/s\/HeQJTAjgfbfXNwi<\/a><br><\/p>\n\n\n\n<p><\/p>\n\n\n\n<p><\/p>\n","protected":false},"excerpt":{"rendered":"<p>L&rsquo;objectif du projet PHARES vise \u00e0 permettre \u00e0 des malvoyants de percevoir les mod\u00e8les 3D du programme e-cath\u00e9dr@le, gr\u00e2ce \u00e0 une exp\u00e9rience multisensorielle. Cette ambition est n\u00e9e des constats suivants :&#8211; Il existe \u00e0 travers le monde 2,2 milliards de personnes ayant une d\u00e9ficience visuelle mod\u00e9r\u00e9e \u00e0 s\u00e9v\u00e8re qualifi\u00e9e de &#8230;<\/p>\n","protected":false},"author":1,"featured_media":0,"parent":0,"menu_order":0,"comment_status":"closed","ping_status":"closed","template":"","meta":[],"_links":{"self":[{"href":"https:\/\/home.mis.u-picardie.fr\/~ecathedrale\/wp-json\/wp\/v2\/pages\/4839"}],"collection":[{"href":"https:\/\/home.mis.u-picardie.fr\/~ecathedrale\/wp-json\/wp\/v2\/pages"}],"about":[{"href":"https:\/\/home.mis.u-picardie.fr\/~ecathedrale\/wp-json\/wp\/v2\/types\/page"}],"author":[{"embeddable":true,"href":"https:\/\/home.mis.u-picardie.fr\/~ecathedrale\/wp-json\/wp\/v2\/users\/1"}],"replies":[{"embeddable":true,"href":"https:\/\/home.mis.u-picardie.fr\/~ecathedrale\/wp-json\/wp\/v2\/comments?post=4839"}],"version-history":[{"count":19,"href":"https:\/\/home.mis.u-picardie.fr\/~ecathedrale\/wp-json\/wp\/v2\/pages\/4839\/revisions"}],"predecessor-version":[{"id":4869,"href":"https:\/\/home.mis.u-picardie.fr\/~ecathedrale\/wp-json\/wp\/v2\/pages\/4839\/revisions\/4869"}],"wp:attachment":[{"href":"https:\/\/home.mis.u-picardie.fr\/~ecathedrale\/wp-json\/wp\/v2\/media?parent=4839"}],"curies":[{"name":"wp","href":"https:\/\/api.w.org\/{rel}","templated":true}]}}