{"id":4996,"date":"2025-04-23T10:31:29","date_gmt":"2025-04-23T09:31:29","guid":{"rendered":"https:\/\/home.mis.u-picardie.fr\/~ecathedrale\/?page_id=4996"},"modified":"2025-06-19T16:58:21","modified_gmt":"2025-06-19T15:58:21","slug":"symposium","status":"publish","type":"page","link":"https:\/\/home.mis.u-picardie.fr\/~ecathedrale\/symposium\/","title":{"rendered":"C\u00e9l\u00e9bration des 15 ans de E-Cathedrale-anc"},"content":{"rendered":"\n<div class=\"wp-block-group\"><div class=\"wp-block-group__inner-container\">\n<div class=\"wp-block-group\"><div class=\"wp-block-group__inner-container\">\n<p class=\"has-black-color has-text-color has-normal-font-size\">  <br>A l&rsquo;occasion des 15 ans du programme E-Cathedrale, deux \u00e9v\u00e9nements vont avoir lieu :<\/p>\n\n\n\n<ul><li>une conf\u00e9rence destin\u00e9e \u00e0 un large public, le mercredi 2 juillet 2025<\/li>\n<li>un symposium scientifique le 3 et 4 juillet 2025<\/li>\n<br><br><br>\nLa conf\u00e9rence Grand Public <\/strong><br><strong>\u00ab\u00a0Quinze ann\u00e9es d&rsquo;apports num\u00e9riques au patrimoine architectural\u00a0\u00bb <\/strong><br>Par El Mustapha Mouaddib.<br>Logis du Roy, Square Jules Bocquet, Amiens<br><br>La conf\u00e9rence est ouverte \u00e0 tous.<br><strong>L&rsquo;inscription est gratuite mais obligatoire<\/strong> : <a href=\"https:\/\/urlr.me\/X8KJ7x\" target=\"_blank\" rel=\"noreferrer noopener\">https:\/\/urlr.me\/X8KJ7x<\/a><br><br>R\u00e9sum\u00e9 : En 2010, l\u2019Universit\u00e9 de Picardie Jules Verne a mis en place pour une dur\u00e9e de 15 ans, le programme de recherche E-Cath\u00e9dr@le autour de la num\u00e9risation de la Cath\u00e9drale d\u2019Amiens. Durant ces quinze ann\u00e9es, d\u2019autres monuments majeurs de l\u2019architecture m\u00e9di\u00e9vale ont \u00e9t\u00e9 num\u00e9ris\u00e9s, notamment les Cath\u00e9drales de Beauvais, Bourges, Chartres, Laon, et Notre-Dame de Paris. Au-del\u00e0 de la num\u00e9risation, E-Cath\u00e9dr@le a \u00e9galement contribu\u00e9 \u00e0 l\u2019\u00e9tude, la restauration ou bien encore le diagnostic de ces monuments, comme celui de Notre-Dame de Paris suite \u00e0 l\u2019incendie qui l\u2019a ravag\u00e9e en 2019. Cette conf\u00e9rence dressera un bilan des r\u00e9alisations et des r\u00e9sultats de E-Cath\u00e9dr@le.<br><\/li><\/ul>\n\n\n\n<p><\/p>\n<\/div><\/div>\n\n\n\n<div class=\"wp-block-group\"><div class=\"wp-block-group__inner-container\">\n<p class=\"has-normal-font-size\">Le symposium aura lieu le<strong> 3 juillet et 4 juillet.<\/strong><\/p>\n\n\n\n<figure class=\"wp-block-image is-resized\"><img loading=\"lazy\" src=\"https:\/\/home.mis.u-picardie.fr\/~ecathedrale\/wp-content\/uploads\/2025\/06\/Capture-de%CC%81cran-2025-06-17-a%CC%80-11.07.39.png\" alt=\"\" class=\"wp-image-5038\" width=\"636\" height=\"388\"\/><\/figure>\n\n\n\n<p class=\"has-normal-font-size\"><br>Contact : El Mustapha Mouaddib (mouaddib@u-picardie.fr)<br><strong>L&rsquo;inscription est toujours gratuite mais obligatoire :<\/strong> <a href=\"https:\/\/urlr.me\/GfUekc\">https:\/\/urlr.me\/GfUekc<\/a><br><br><strong><span style=\"text-decoration: underline;\">Le programme du Jeudi 3 juillet 2025<\/span><\/strong><\/p>\n\n\n\n<figure class=\"wp-block-table\"><table><tbody><tr><td>09h00 \u2013 09h30<\/td><td><strong>Accueil<\/strong><\/td><\/tr><tr><td>09h30 \u2013 10h00<\/td><td><strong>Discours introductifs<\/strong><\/td><\/tr><tr><td>10h00 \u2013 10h45<\/td><td>Une cath\u00e9drale de donn\u00e9es et d\u2019annotations multidimensionnelles pour la conservation-restauration du patrimoine<br><strong>Livio de Luca<\/strong>, Directeur de recherche CNRS, UPR 2002 MAP &#8211; Mod\u00e8les et simulations pour l&rsquo;Architecture et le Patrimoine, Campus CNRS Joseph Aiguier, Marseille<\/td><\/tr><tr><td>10h45 \u2013 11h05<\/td><td>Bilan E-Cathedrale, volet Num\u00e9risation<br><strong>El Mustapha Mouaddib<\/strong>, Professeur en Vision et Robotique, Laboratoire MIS, UPJV<\/td><\/tr><tr><td>11h05 \u2013 11h30<\/td><td><strong>Pause<\/strong><\/td><\/tr><tr><td>11h30 \u2013 11h50<\/td><td>Bilan E-Cathedrale, volet Recherche<br><strong>El Mustapha Mouaddib<\/strong>, Professeur en Vision et Robotique, <strong>Guillaume Caron<\/strong>, MCF-HDR en Vision et Robotique, Laboratoire MIS, UPJV<\/td><\/tr><tr><td>11h50 \u2013 12h10<\/td><td>Bilan E-Cathedrale, volet M\u00e9diation et Valorisation<br><strong>Dominique Groux<\/strong>, MCF-HDR en Informatique, <strong>Jordan Caracotte<\/strong>, MCF en Vision et robotique, Laboratoire MIS, UPJV<\/td><\/tr><tr><td>12h10 \u2013 14h00<\/td><td><strong>D\u00e9jeuner libre<\/strong><\/td><\/tr><tr><td>14h00 \u2013 14h45<\/td><td>Faire dialoguer la maquette num\u00e9rique et l&rsquo;arch\u00e9ologie monumentale pour comprendre le chantier m\u00e9di\u00e9val : le projet Transept<br><strong>Etienne Hamon<\/strong>, Professeur en Histoire de l&rsquo;art m\u00e9di\u00e9val, UMR 8529-IRHiS, CNRS, Univ. Lille<\/td><\/tr><tr><td>14h45 \u2013 15h30<\/td><td>Le projet ANR ALTIOR. Un projet interdisciplinaire pour \u00e9tudier l\u2019\u00e9quilibre des cath\u00e9drales<br><strong>Yves Gallet,<\/strong> Professeur en Histoire de l&rsquo;art m\u00e9di\u00e9val, Ausonius, UMR 5697, Universit\u00e9 Bordeaux-Montaigne<\/td><\/tr><tr><td>15h30 \u2013 16h00<\/td><td><strong>Pause<\/strong><\/td><\/tr><tr><td>16h00 \u2013 16h20<\/td><td>Le jumeau num\u00e9rique dans le patrimoine : fantasme ou r\u00e9alit\u00e9 ?<br><strong>Patrick Bergeot et Morgane Estavoyer<\/strong>, Chefs de projet, Mission de la Strat\u00e9gie, de la Prospective et du Num\u00e9rique, CMN<\/td><\/tr><tr><td>16h20 \u2013 16h40<\/td><td>ECHOES : Vers un Cloud europ\u00e9en du patrimoine culturel Louise GADOIN, ECHOES European <strong>Project Manager<\/strong>, CNRS &#8211; Centre national de la recherche scientifique<\/td><\/tr><tr><td>16h40 \u2013 17h00<\/td><td>Le r\u00e9seau th\u00e9matique MAESTRO<strong><br>Arnaud Ybert,<\/strong> MCF en Histoire de l&rsquo;art m\u00e9di\u00e9val, CRBC (EA 4451), Univ. De Bretagne Occidentale et <strong>Elise Baillieul,<\/strong> MCF en Histoire de l\u2019art m\u00e9di\u00e9val, UMR 8529-IRHiS, CNRS, Univ. Lille<\/td><\/tr><\/tbody><\/table><\/figure>\n\n\n\n<p><strong><span style=\"text-decoration: underline;\">Program of Friday July 4th, 2025<\/span><\/strong><br><\/p>\n\n\n\n<figure class=\"wp-block-table\"><table><tbody><tr><td>09:00am \u2013 9:15am<\/td><td><strong>Welcome<\/strong><\/td><\/tr><tr><td>09:15am \u2013 9:45am<\/td><td>Photometric Analysis of Heritage Artefacts<br><strong>Yasuhiro Mukaigawa<\/strong>, Professor at the Division of Information Science, Nara Institute of Science and Technology (NAIST), Japan<\/td><\/tr><tr><td>09:45am \u2013 10:15am<\/td><td>3D multispectral laser scanner for remote monitoring of Cultural Heritage artworks<br><strong>Massimiliano Guarneri<\/strong>, Italian researcher<\/td><\/tr><tr><td>10:15am \u2013 10:45am<\/td><td><strong>A venir<\/strong><br><br><\/td><\/tr><tr><td>10:45am \u2013 11:00am<\/td><td><strong>Break<\/strong><\/td><\/tr><tr><td>11:00am \u2013 11:30am<\/td><td>Cyber Archaeology through 3D Vision<br><strong>Takeshi Oishi<\/strong>, Associate Professor at the Institute of Industrial Science at the University of Tokyo<\/td><\/tr><tr><td>11:30am \u2013 12:00am<\/td><td>Organizing and spatializing geographic and architectural iconographic content<br><strong>Val\u00e9rie Gouet-Brunet<\/strong>, research director at the French mapping agency (IGN)<\/td><\/tr><tr><td>12:00am \u2013 12:30am<\/td><td>Registration of visual, spherical, spectral and Lidar data for multi-sensing 3D models<br><strong>Guillaume Caron<\/strong>, Associate Professor at MIS, UPJV, Amiens, France and co-director at CNRS-AIST JRL, IRL, Tsukuba, Japon<\/td><\/tr><tr><td>12:30am \u2013 02:00pm<\/td><td><strong>Lunch<\/strong><\/td><\/tr><tr><td>02:00pm \u2013 02:15pm<\/td><td><strong>Closing speech<\/strong><\/td><\/tr><\/tbody><\/table><\/figure>\n<\/div><\/div>\n<\/div><\/div>\n","protected":false},"excerpt":{"rendered":"","protected":false},"author":1,"featured_media":0,"parent":0,"menu_order":0,"comment_status":"closed","ping_status":"closed","template":"","meta":[],"_links":{"self":[{"href":"https:\/\/home.mis.u-picardie.fr\/~ecathedrale\/wp-json\/wp\/v2\/pages\/4996"}],"collection":[{"href":"https:\/\/home.mis.u-picardie.fr\/~ecathedrale\/wp-json\/wp\/v2\/pages"}],"about":[{"href":"https:\/\/home.mis.u-picardie.fr\/~ecathedrale\/wp-json\/wp\/v2\/types\/page"}],"author":[{"embeddable":true,"href":"https:\/\/home.mis.u-picardie.fr\/~ecathedrale\/wp-json\/wp\/v2\/users\/1"}],"replies":[{"embeddable":true,"href":"https:\/\/home.mis.u-picardie.fr\/~ecathedrale\/wp-json\/wp\/v2\/comments?post=4996"}],"version-history":[{"count":60,"href":"https:\/\/home.mis.u-picardie.fr\/~ecathedrale\/wp-json\/wp\/v2\/pages\/4996\/revisions"}],"predecessor-version":[{"id":5102,"href":"https:\/\/home.mis.u-picardie.fr\/~ecathedrale\/wp-json\/wp\/v2\/pages\/4996\/revisions\/5102"}],"wp:attachment":[{"href":"https:\/\/home.mis.u-picardie.fr\/~ecathedrale\/wp-json\/wp\/v2\/media?parent=4996"}],"curies":[{"name":"wp","href":"https:\/\/api.w.org\/{rel}","templated":true}]}}

Célébration des 15 ans de E-Cathedrale-anc

<div class="wp-block-group"><div class="wp-block-group__inner-container">
<div class="wp-block-group"><div class="wp-block-group__inner-container">
<p class="has-black-color has-text-color has-normal-font-size">  <br>A l&rsquo;occasion des 15 ans du programme E-Cathedrale, deux événements vont avoir lieu :</p>



<ul><li>une conférence destinée à un large public, le mercredi 2 juillet 2025</li>
<li>un symposium scientifique le 3 et 4 juillet 2025</li>
<br><br><br>
La conférence Grand Public </strong><br><strong>« Quinze années d&rsquo;apports numériques au patrimoine architectural » </strong><br>Par El Mustapha Mouaddib.<br>Logis du Roy, Square Jules Bocquet, Amiens<br><br>La conférence est ouverte à tous.<br><strong>L&rsquo;inscription est gratuite mais obligatoire</strong> : <a href="https://urlr.me/X8KJ7x" target="_blank" rel="noreferrer noopener">https://urlr.me/X8KJ7x</a><br><br>Résumé : En 2010, l’Université de Picardie Jules Verne a mis en place pour une durée de 15 ans, le programme de recherche E-Cathédr@le autour de la numérisation de la Cathédrale d’Amiens. Durant ces quinze années, d’autres monuments majeurs de l’architecture médiévale ont été numérisés, notamment les Cathédrales de Beauvais, Bourges, Chartres, Laon, et Notre-Dame de Paris. Au-delà de la numérisation, E-Cathédr@le a également contribué à l’étude, la restauration ou bien encore le diagnostic de ces monuments, comme celui de Notre-Dame de Paris suite à l’incendie qui l’a ravagée en 2019. Cette conférence dressera un bilan des réalisations et des résultats de E-Cathédr@le.<br></li></ul>



<p></p>
</div></div>



<div class="wp-block-group"><div class="wp-block-group__inner-container">
<p class="has-normal-font-size">Le symposium aura lieu le<strong> 3 juillet et 4 juillet.</strong></p>



<figure class="wp-block-image is-resized"><img loading="lazy" src="https://home.mis.u-picardie.fr/~ecathedrale/wp-content/uploads/2025/06/Capture-de%CC%81cran-2025-06-17-a%CC%80-11.07.39.png" alt="" class="wp-image-5038" width="636" height="388"/></figure>



<p class="has-normal-font-size"><br>Contact : El Mustapha Mouaddib (mouaddib@u-picardie.fr)<br><strong>L&rsquo;inscription est toujours gratuite mais obligatoire :</strong> <a href="https://urlr.me/GfUekc">https://urlr.me/GfUekc</a><br><br><strong><span style="text-decoration: underline;">Le programme du Jeudi 3 juillet 2025</span></strong></p>



<figure class="wp-block-table"><table><tbody><tr><td>09h00 – 09h30</td><td><strong>Accueil</strong></td></tr><tr><td>09h30 – 10h00</td><td><strong>Discours introductifs</strong></td></tr><tr><td>10h00 – 10h45</td><td>Une cathédrale de données et d’annotations multidimensionnelles pour la conservation-restauration du patrimoine<br><strong>Livio de Luca</strong>, Directeur de recherche CNRS, UPR 2002 MAP &#8211; Modèles et simulations pour l&rsquo;Architecture et le Patrimoine, Campus CNRS Joseph Aiguier, Marseille</td></tr><tr><td>10h45 – 11h05</td><td>Bilan E-Cathedrale, volet Numérisation<br><strong>El Mustapha Mouaddib</strong>, Professeur en Vision et Robotique, Laboratoire MIS, UPJV</td></tr><tr><td>11h05 – 11h30</td><td><strong>Pause</strong></td></tr><tr><td>11h30 – 11h50</td><td>Bilan E-Cathedrale, volet Recherche<br><strong>El Mustapha Mouaddib</strong>, Professeur en Vision et Robotique, <strong>Guillaume Caron</strong>, MCF-HDR en Vision et Robotique, Laboratoire MIS, UPJV</td></tr><tr><td>11h50 – 12h10</td><td>Bilan E-Cathedrale, volet Médiation et Valorisation<br><strong>Dominique Groux</strong>, MCF-HDR en Informatique, <strong>Jordan Caracotte</strong>, MCF en Vision et robotique, Laboratoire MIS, UPJV</td></tr><tr><td>12h10 – 14h00</td><td><strong>Déjeuner libre</strong></td></tr><tr><td>14h00 – 14h45</td><td>Faire dialoguer la maquette numérique et l&rsquo;archéologie monumentale pour comprendre le chantier médiéval : le projet Transept<br><strong>Etienne Hamon</strong>, Professeur en Histoire de l&rsquo;art médiéval, UMR 8529-IRHiS, CNRS, Univ. Lille</td></tr><tr><td>14h45 – 15h30</td><td>Le projet ANR ALTIOR. Un projet interdisciplinaire pour étudier l’équilibre des cathédrales<br><strong>Yves Gallet,</strong> Professeur en Histoire de l&rsquo;art médiéval, Ausonius, UMR 5697, Université Bordeaux-Montaigne</td></tr><tr><td>15h30 – 16h00</td><td><strong>Pause</strong></td></tr><tr><td>16h00 – 16h20</td><td>Le jumeau numérique dans le patrimoine : fantasme ou réalité ?<br><strong>Patrick Bergeot et Morgane Estavoyer</strong>, Chefs de projet, Mission de la Stratégie, de la Prospective et du Numérique, CMN</td></tr><tr><td>16h20 – 16h40</td><td>ECHOES : Vers un Cloud européen du patrimoine culturel Louise GADOIN, ECHOES European <strong>Project Manager</strong>, CNRS &#8211; Centre national de la recherche scientifique</td></tr><tr><td>16h40 – 17h00</td><td>Le réseau thématique MAESTRO<strong><br>Arnaud Ybert,</strong> MCF en Histoire de l&rsquo;art médiéval, CRBC (EA 4451), Univ. De Bretagne Occidentale et <strong>Elise Baillieul,</strong> MCF en Histoire de l’art médiéval, UMR 8529-IRHiS, CNRS, Univ. Lille</td></tr></tbody></table></figure>



<p><strong><span style="text-decoration: underline;">Program of Friday July 4th, 2025</span></strong><br></p>



<figure class="wp-block-table"><table><tbody><tr><td>09:00am – 9:15am</td><td><strong>Welcome</strong></td></tr><tr><td>09:15am – 9:45am</td><td>Photometric Analysis of Heritage Artefacts<br><strong>Yasuhiro Mukaigawa</strong>, Professor at the Division of Information Science, Nara Institute of Science and Technology (NAIST), Japan</td></tr><tr><td>09:45am – 10:15am</td><td>3D multispectral laser scanner for remote monitoring of Cultural Heritage artworks<br><strong>Massimiliano Guarneri</strong>, Italian researcher</td></tr><tr><td>10:15am – 10:45am</td><td><strong>A venir</strong><br><br></td></tr><tr><td>10:45am – 11:00am</td><td><strong>Break</strong></td></tr><tr><td>11:00am – 11:30am</td><td>Cyber Archaeology through 3D Vision<br><strong>Takeshi Oishi</strong>, Associate Professor at the Institute of Industrial Science at the University of Tokyo</td></tr><tr><td>11:30am – 12:00am</td><td>Organizing and spatializing geographic and architectural iconographic content<br><strong>Valérie Gouet-Brunet</strong>, research director at the French mapping agency (IGN)</td></tr><tr><td>12:00am – 12:30am</td><td>Registration of visual, spherical, spectral and Lidar data for multi-sensing 3D models<br><strong>Guillaume Caron</strong>, Associate Professor at MIS, UPJV, Amiens, France and co-director at CNRS-AIST JRL, IRL, Tsukuba, Japon</td></tr><tr><td>12:30am – 02:00pm</td><td><strong>Lunch</strong></td></tr><tr><td>02:00pm – 02:15pm</td><td><strong>Closing speech</strong></td></tr></tbody></table></figure>
</div></div>
</div></div>
