{"id":64,"date":"2018-12-11T17:39:48","date_gmt":"2018-12-11T17:39:48","guid":{"rendered":"https:\/\/home.mis.u-picardie.fr\/~g-caron\/formations\/robotique\/?page_id=64"},"modified":"2021-01-28T08:56:29","modified_gmt":"2021-01-28T08:56:29","slug":"licence-spi-3ea","status":"publish","type":"page","link":"https:\/\/home.mis.u-picardie.fr\/~g-caron\/formations\/robotique\/index.php\/licence-spi-3ea\/","title":{"rendered":"Licence SPI-3EA"},"content":{"rendered":"\n<p>La <strong>Licence SPI<\/strong>&nbsp;(Sciences Pour l&#8217;Ing\u00e9nieur), en particulier la troisi\u00e8me ann\u00e9e dans le <strong>parcours 3EA<\/strong>&nbsp;(Electronique, Energie Electrique et Automatique), finalise le socle de connaissances \u00e0 acqu\u00e9rir pour la poursuite en Master.<\/p>\n\n\n\n<p>Concernant la <strong>robotique<\/strong>, l&#8217;enseignement d&#8217;<strong><a href=\"https:\/\/home.mis.u-picardie.fr\/~g-caron\/formations\/robotique\/index.php\/introduction-a-la-robotique\/\">Introduction \u00e0 la robotique<\/a><\/strong> permet de d\u00e9couvrir les fondements de la <strong>robotique articul\u00e9e<\/strong> et <strong>mobile<\/strong> ainsi que les probl\u00e9matiques de <strong>perception<\/strong> associ\u00e9es, notamment pour l&#8217;<strong>autonomie d&#8217;action<\/strong> des robots, et de les mettre en oeuvre sur les <strong>plateformes robotiques<\/strong> du d\u00e9partement EEA. <\/p>\n\n\n\n<p>Cet enseignement donne un aper\u00e7u du <strong><a href=\"https:\/\/home.mis.u-picardie.fr\/~g-caron\/formations\/robotique\/index.php\/master-rova\/\">Master RoVA<\/a><\/strong>.<\/p>\n\n\n\n<p>Plus d&#8217;informations :<br> <a href=\"https:\/\/www.u-picardie.fr\/medias\/fichier\/licence-spi-2020-2021_1608195459786-pdf\" target=\"_blank\" rel=\"noreferrer noopener\" aria-label=\"Plus d'informations :\n plaquette g\u00e9n\u00e9rale de la licence SPI\n\nListe de tous les enseignements pour chaque ann\u00e9e de licence :\u00a0L1 SPI, L2 SPI, L3 SPI. (opens in a new tab)\">plaquette g\u00e9n\u00e9rale de la licence SPI<\/a><br><br>Liste de tous les enseignements pour chaque ann\u00e9e de licence :\u00a0<a rel=\"noreferrer noopener\" aria-label=\"Plus d'informations :\n plaquette g\u00e9n\u00e9rale de la licence SPI\n\nListe de tous les enseignements pour chaque ann\u00e9e de licence :\u00a0L1 SPI, L2 SPI, L3 SPI. (opens in a new tab)\" href=\"https:\/\/www.u-picardie.fr\/dpteea\/L1_SPI.html\" target=\"_blank\">L1 SPI<\/a>, <a rel=\"noreferrer noopener\" aria-label=\"Plus d'informations :\n plaquette g\u00e9n\u00e9rale de la licence SPI\n\nListe de tous les enseignements pour chaque ann\u00e9e de licence :\u00a0L1 SPI, L2 SPI, L3 SPI. (opens in a new tab)\" href=\"https:\/\/www.u-picardie.fr\/dpteea\/L2_SPI.html\" target=\"_blank\">L2 SPI<\/a>, <a rel=\"noreferrer noopener\" aria-label=\"Plus d'informations :\n plaquette g\u00e9n\u00e9rale de la licence SPI\n\nListe de tous les enseignements pour chaque ann\u00e9e de licence :\u00a0L1 SPI, L2 SPI, L3 SPI. (opens in a new tab)\" href=\"https:\/\/www.u-picardie.fr\/dpteea\/L3_SPI.html\" target=\"_blank\">L3 SPI<\/a>.<\/p>\n","protected":false},"excerpt":{"rendered":"<p>La Licence SPI&nbsp;(Sciences Pour l&#8217;Ing\u00e9nieur), en particulier la troisi\u00e8me ann\u00e9e dans le parcours 3EA&nbsp;(Electronique, Energie Electrique et Automatique), finalise le socle de connaissances \u00e0 acqu\u00e9rir pour la poursuite en Master. Concernant la robotique, l&#8217;enseignement d&#8217;Introduction \u00e0 la robotique permet de d\u00e9couvrir les fondements de la robotique articul\u00e9e et mobile ainsi que les probl\u00e9matiques de perception &hellip; <\/p>\n<p class=\"link-more\"><a href=\"https:\/\/home.mis.u-picardie.fr\/~g-caron\/formations\/robotique\/index.php\/licence-spi-3ea\/\" class=\"more-link\">Continue reading<span class=\"screen-reader-text\"> &#8220;Licence SPI-3EA&#8221;<\/span><\/a><\/p>\n","protected":false},"author":1,"featured_media":65,"parent":0,"menu_order":0,"comment_status":"closed","ping_status":"closed","template":"","meta":{"footnotes":""},"class_list":["post-64","page","type-page","status-publish","has-post-thumbnail","hentry"],"_links":{"self":[{"href":"https:\/\/home.mis.u-picardie.fr\/~g-caron\/formations\/robotique\/index.php\/wp-json\/wp\/v2\/pages\/64","targetHints":{"allow":["GET"]}}],"collection":[{"href":"https:\/\/home.mis.u-picardie.fr\/~g-caron\/formations\/robotique\/index.php\/wp-json\/wp\/v2\/pages"}],"about":[{"href":"https:\/\/home.mis.u-picardie.fr\/~g-caron\/formations\/robotique\/index.php\/wp-json\/wp\/v2\/types\/page"}],"author":[{"embeddable":true,"href":"https:\/\/home.mis.u-picardie.fr\/~g-caron\/formations\/robotique\/index.php\/wp-json\/wp\/v2\/users\/1"}],"replies":[{"embeddable":true,"href":"https:\/\/home.mis.u-picardie.fr\/~g-caron\/formations\/robotique\/index.php\/wp-json\/wp\/v2\/comments?post=64"}],"version-history":[{"count":9,"href":"https:\/\/home.mis.u-picardie.fr\/~g-caron\/formations\/robotique\/index.php\/wp-json\/wp\/v2\/pages\/64\/revisions"}],"predecessor-version":[{"id":186,"href":"https:\/\/home.mis.u-picardie.fr\/~g-caron\/formations\/robotique\/index.php\/wp-json\/wp\/v2\/pages\/64\/revisions\/186"}],"wp:featuredmedia":[{"embeddable":true,"href":"https:\/\/home.mis.u-picardie.fr\/~g-caron\/formations\/robotique\/index.php\/wp-json\/wp\/v2\/media\/65"}],"wp:attachment":[{"href":"https:\/\/home.mis.u-picardie.fr\/~g-caron\/formations\/robotique\/index.php\/wp-json\/wp\/v2\/media?parent=64"}],"curies":[{"name":"wp","href":"https:\/\/api.w.org\/{rel}","templated":true}]}}