{"id":23,"date":"2016-11-08T16:32:50","date_gmt":"2016-11-08T15:32:50","guid":{"rendered":"http:\/\/home.mis.u-picardie.fr\/~leclet\/wordpress\/?page_id=23"},"modified":"2024-04-14T09:50:00","modified_gmt":"2024-04-14T07:50:00","slug":"comites","status":"publish","type":"page","link":"https:\/\/home.mis.u-picardie.fr\/~leclet\/wordpress\/index.php\/comites\/","title":{"rendered":"Comit\u00e9s"},"content":{"rendered":"<h3 id=\"comites_d_organisation\" class=\"sectionedit2\">Comit\u00e9s scientifiques nationaux et internationaux<\/h3>\n<div class=\"level1\">\n<ul>\n<li><strong>Co-responsable de la Ligne Editorial de la Revue Internationale<\/strong> \u00ab Journal of Information Science and Technology \u00bb, <a href=\"http:\/\/www.innove.org\/ijist\/index.php\/ijist\/about\/editorialTeam\">http:\/\/www.innove.org\/ijist\/index.php\/ijist\/about\/editorialTeam, <\/a>depuis 2017.<\/li>\n<li><strong>Co-chair IEEE International Congress on Information Science and Technology, <\/strong>depuis 2018.<\/li>\n<li>Membre du comit\u00e9 de programme de la<strong> revue nationale STICEF<\/strong> scientifique francophone de l\u2019ATIEF (Sciences et Technologies de l\u2019Information et de la Communication pour l\u2019Education et la Formation), depuis 2006.<\/li>\n<li>Membre du comit\u00e9 de programme de la <strong>conf\u00e9rence nationale EIAH<\/strong>, Environnements Informatiques pour l\u2019Apprentissage Humain. La conf\u00e9rence est majeure du domaine r\u00e9sulte de la fusion des deux conf\u00e9rences Hyperm\u00e9dias et Apprentissages et Journ\u00e9es Environnements Interactifs pour l\u2019Apprentissage par Ordinateur, depuis 2006.<\/li>\n<li>Membre du Comit\u00e9 de programme de la <strong>conf\u00e9rence nationale RJCEIAH<\/strong>, Conf\u00e9rence des jeunes chercheurs en EIAH, depuis 2006.<\/li>\n<li>Member of Program Committee, CIST, IEEE <strong>International Conference on Information Systems and Technologies<\/strong>, depuis 2012.<\/li>\n<li>Member of Program Committee, CSEDU, <strong>International Conference on Computer Supported Education<\/strong>, depuis 2012.<\/li>\n<li>2019 &#8211; Member of Program Committee, (SCAMS\u2019), IEEE <strong>International<\/strong> <strong>Conference, Mediterranean Symposium on Smart City Applications<\/strong>.<\/li>\n<li>2017 &#8211; Member of Program Committee, SCAMS\u20192017, IEEE <strong>International Conference, Mediterranean Symposium on Smart City Applications<\/strong>.<\/li>\n<li>2017 &#8211; Member of program Committee, E-LIP\u201917, <strong>Second International Workshop on E-Learning &amp; Innovative Pedagogies<\/strong>.<\/li>\n<\/ul>\n<\/div>\n<h3 id=\"comites_d_organisation\" class=\"sectionedit2\">Comit\u00e9s d&rsquo;organisation<\/h3>\n<div class=\"level1\">\n<ul>\n<li class=\"level1\">\n<div class=\"li\">2024 &#8211; Membre du comit\u00e9 d&rsquo;organisation de la 25\u00e8me \u00e9dition du congr\u00e8s annuel de la Soci\u00e9t\u00e9 Fran\u00e7aise de Recherche Op\u00e9rationnelle et d&rsquo;Aide \u00e0 la D\u00e9cision (<strong>ROADEF 2024<\/strong>), <a href=\"https:\/\/roadef2024.sciencesconf.org\/resource\/page\/id\/1\" target=\"_blank\" rel=\"noopener\">https:\/\/roadef2024.sciencesconf.org\/resource\/page\/id\/1<\/a><\/div>\n<\/li>\n<li class=\"level1\">\n<div class=\"li\">2018 &#8211; Pr\u00e9sidente du comit\u00e9 d&rsquo;organisation du workshop \u00ab\u00a0Usages et Usagers dans la patrimoine\u00a0\u00bb, 2018, sponsoris\u00e9 par la SFR \u00ab Num\u00e9rique et Patrimoine \u00bb, 26 novembre 2018, \u00e0 l\u2019Universit\u00e9 de Lille, Pont de bois, Villeneuve d\u2019Ascq.<\/div>\n<\/li>\n<li class=\"level1\">\n<div class=\"li\">2015 &#8211; Membre du comit\u00e9 d\u2019organisation des Journ\u00e9es Nationales de la Recherche en Robotique (<strong>JNRR 2015<\/strong>) , organis\u00e9 par le laboratoire MIS, du 21 au 23 octobre au Cap Hornu (<a class=\"urlextern\" title=\"http:\/\/jnrr-15.sciencesconf.org\/\" href=\"http:\/\/jnrr-15.sciencesconf.org\/\" rel=\"nofollow\">http:\/\/jnrr-15.sciencesconf.org\/<\/a>).<\/div>\n<\/li>\n<li class=\"level1\">\n<div class=\"li\">2015 &#8211; Membre du comit\u00e9 d\u2019organisation de la 15\u00e8me \u00e9dition d&rsquo;ORASIS, journ\u00e9es francophones des jeunes chercheurs en vision par ordinateur, organis\u00e9 par le laboratoire MIS, du 15 au 19 juin 2015 \u00e0 Amiens (<a class=\"urlextern\" title=\"http:\/\/orasis2015.sciencesconf.org\/\" href=\"http:\/\/orasis2015.sciencesconf.org\/\" rel=\"nofollow\">http:\/\/orasis2015.sciencesconf.org\/<\/a>) et qui a rassembl\u00e9 70 personnes.<\/div>\n<\/li>\n<\/ul>\n<\/div>\n","protected":false},"excerpt":{"rendered":"<p>Comit\u00e9s scientifiques nationaux et internationaux Co-responsable de la Ligne Editorial de la Revue Internationale \u00ab Journal of Information Science and Technology \u00bb, http:\/\/www.innove.org\/ijist\/index.php\/ijist\/about\/editorialTeam,&#8230;<\/p>\n","protected":false},"author":1,"featured_media":0,"parent":0,"menu_order":0,"comment_status":"closed","ping_status":"closed","template":"","meta":{"footnotes":""},"_links":{"self":[{"href":"https:\/\/home.mis.u-picardie.fr\/~leclet\/wordpress\/index.php\/wp-json\/wp\/v2\/pages\/23"}],"collection":[{"href":"https:\/\/home.mis.u-picardie.fr\/~leclet\/wordpress\/index.php\/wp-json\/wp\/v2\/pages"}],"about":[{"href":"https:\/\/home.mis.u-picardie.fr\/~leclet\/wordpress\/index.php\/wp-json\/wp\/v2\/types\/page"}],"author":[{"embeddable":true,"href":"https:\/\/home.mis.u-picardie.fr\/~leclet\/wordpress\/index.php\/wp-json\/wp\/v2\/users\/1"}],"replies":[{"embeddable":true,"href":"https:\/\/home.mis.u-picardie.fr\/~leclet\/wordpress\/index.php\/wp-json\/wp\/v2\/comments?post=23"}],"version-history":[{"count":17,"href":"https:\/\/home.mis.u-picardie.fr\/~leclet\/wordpress\/index.php\/wp-json\/wp\/v2\/pages\/23\/revisions"}],"predecessor-version":[{"id":351,"href":"https:\/\/home.mis.u-picardie.fr\/~leclet\/wordpress\/index.php\/wp-json\/wp\/v2\/pages\/23\/revisions\/351"}],"wp:attachment":[{"href":"https:\/\/home.mis.u-picardie.fr\/~leclet\/wordpress\/index.php\/wp-json\/wp\/v2\/media?parent=23"}],"curies":[{"name":"wp","href":"https:\/\/api.w.org\/{rel}","templated":true}]}}